
What are the prime factors of 24191412?
2, 3, 7, 97, 2969
List the prime factors of 1064754669.
3, 11, 32265293
List the prime factors of 2600807348.
2, 29, 79, 283807
List the prime factors of 110087861.
13, 139, 60923
What are the prime factors of 308826531?
3, 13, 37, 71339
What are the prime factors of 154806419?
1109, 139591
List the prime factors of 23331791.
7, 19, 1319
List the prime factors of 48541347.
3, 409, 13187
List the prime factors of 54557347.
13, 41, 102359
List the prime factors of 2456919013.
19, 127, 1018201
What are the prime factors of 181871893?
7, 389, 66791
List the prime factors of 16901269.
7, 11, 199, 1103
What are the prime factors of 2228840735?
5, 11, 40524377
What are the prime factors of 619887865?
5, 71, 1283, 1361
List the prime factors of 64286211.
3, 11, 409, 433
List the prime factors of 2614822539.
3, 7, 4217, 29527
List the prime factors of 1274477563.
4967, 256589
List the prime factors of 272273348.
2, 691, 98507
List the prime factors of 260950254.
2, 3, 43491709
List the prime factors of 1174803593.
1174803593
List the prime factors of 394885888.
2, 1542523
List the prime factors of 631430716.
2, 7, 22551097
What are the prime factors of 1590791933?
1590791933
List the prime factors of 109492589.
31, 3532019
What are the prime factors of 5092619446?
2, 149, 17089327
List the prime factors of 319442535.
3, 5, 19, 41513
List the prime factors of 843960524.
2, 11, 19180921
What are the prime factors of 66797668?
2, 7, 557, 4283
What are the prime factors of 82179698?
2, 31, 167, 7937
List the prime factors of 2129478657.
3, 769, 923051
What are the prime factors of 4277853?
3, 52813
What are the prime factors of 314956704?
2, 3, 29, 113131
List the prime factors of 10335521.
7, 210929
List the prime factors of 68909459.
68909459
List the prime factors of 185823643.
185823643
What are the prime factors of 312508153?
23, 13587311
What are the prime factors of 22045648?
2, 1377853
List the prime factors of 603429811.
3119, 193469
What are the prime factors of 1636245?
3, 5, 13, 2797
What are the prime factors of 2651911742?
2, 9283, 142837
List the prime factors of 394180711.
59, 71, 94099
What are the prime factors of 139625138?
2, 1237, 56437
List the prime factors of 112362349.
11, 2297, 4447
What are the prime factors of 1367515654?
2, 683757827
List the prime factors of 177841964.
2, 17, 1567, 1669
List the prime factors of 101759013.
3, 11306557
What are the prime factors of 55720141?
19, 83, 89, 397
List the prime factors of 387542623.
13, 3167, 9413
List the prime factors of 2219468658.
2, 3, 11, 29, 1159597
What are the prime factors of 18057482?
2, 9028741
What are the prime factors of 421761762?
2, 3, 593, 13171
What are the prime factors of 58121458?
2, 103, 282143
What are the prime factors of 2306679699?
3, 768893233
What are the prime factors of 4132002926?
2, 2066001463
What are the prime factors of 1432784242?
2, 17, 42140713
List the prime factors of 907386310.
2, 5, 3407, 26633
List the prime factors of 273621766.
2, 11, 17, 103, 7103
What are the prime factors of 34858065?
3, 5, 11, 19, 11119
What are the prime factors of 25679401?
11, 17, 53, 2591
What are the prime factors of 244060980?
2, 3, 5, 127, 32029
List the prime factors of 19136543.
17, 1125679
List the prime factors of 322270142.
2, 161135071
List the prime factors of 254203811.
254203811
List the prime factors of 4805522156.
2, 1201380539
What are the prime factors of 758969330?
2, 5, 7, 1548917
What are the prime factors of 74490413?
17, 353, 12413
What are the prime factors of 20577240?
2, 3, 5, 29, 73
List the prime factors of 578658647.
7, 79, 1046399
List the prime factors of 2856270973.
167, 587, 29137
What are the prime factors of 332501063?
89, 3735967
List the prime factors of 5573085423.
3, 167, 11123923
List the prime factors of 460401354.
2, 3, 7, 53, 67
List the prime factors of 311988021.
3, 47, 199, 11119
What are the prime factors of 1017497023?
23, 251, 337, 523
List the prime factors of 121853440.
2, 5, 47599
List the prime factors of 4300998801.
3, 11, 130333297
List the prime factors of 2167563346.
2, 13, 83367821
What are the prime factors of 233468403?
3, 7, 251, 44293
What are the prime factors of 400364527?
71, 83, 67939
List the prime factors of 187000332.
2, 3, 1307, 11923
List the prime factors of 94479251.
17, 397, 13999
What are the prime factors of 598119098?
2, 53, 5642633
List the prime factors of 2962884253.
7, 17, 61, 191, 2137
What are the prime factors of 137572085?
5, 7, 23, 29, 71, 83
What are the prime factors of 62674830?
2, 3, 5, 232129
List the prime factors of 48772423.
7, 191, 36479
List the prime factors of 1292835086.
2, 311, 2078513
What are the prime factors of 547525522?
2, 273762761
List the prime factors of 1794501684.
2, 3, 49847269
List the prime factors of 541067349.
3, 180355783
List the prime factors of 35988901.
13, 37, 74821
List the prime factors of 1078913206.
2, 7, 367, 209987
List the prime factors of 2498733598.
2, 181, 953, 7243
What are the prime factors of 2044260044?
2, 511065011
List the prime factors of 1608120739.
23, 69918293
List the prime factors of 94072386.
2, 3, 15678731
What are the prime factors of 2854935017?
11, 1423, 182389
List the prime factors of 3197432.
2, 7, 57097
What are the prime factors of 799280112?
2, 3, 3331, 4999
List the prime factors of 131269272.
2, 3, 5469553
List the prime factors of 1014966733.
11, 92269703
What are the prime factors of 116609408?
2, 911011
List the prime factors of 1065008220.
2, 3, 5, 17750137
List the prime factors of 26117125.
5, 43, 113
What are the prime factors of 27119903?
27119903
What are the prime factors of 44568286?
2, 7, 281, 11329
What are the prime factors of 57503018?
2, 67, 429127
What are the prime factors of 68828647?
68828647
What are the prime factors of 85647776?
2, 2676493
What are the prime factors of 134862995?
5, 439, 61441
List the prime factors of 237646713.
3, 31, 389, 6569
What are the prime factors of 160796902?
2, 7, 269, 42697
What are the prime factors of 5020082036?
2, 19, 631, 104681
What are the prime factors of 442981889?
7, 63283127
What are the prime factors of 102870756?
2, 3, 952507
List the prime factors of 1154077463.
7, 11, 23, 443, 1471
What are the prime factors of 5370470472?
2, 3, 223769603
What are the prime factors of 4402094863?
233, 18893111
List the prime factors of 1631185400.
2, 5, 13, 627379
What are the prime factors of 1488630476?
2, 233, 1597243
List the prime factors of 43068827.
31, 137, 10141
What are the prime factors of 318560459?
7, 89, 511333
What are the prime factors of 2998646181?
3, 333182909
What are the prime factors of 86201291?
11, 7836481
What are the prime factors of 987567707?
7, 20154443
What are the prime factors of 220058851?
220058851
List the prime factors of 75563118.
2, 3, 151, 3089
List the prime factors of 2428670207.
2428670207
What are the prime factors of 1563194148?
2, 3, 167, 780037
List the prime factors of 24392248.
2, 29, 47, 2237
What are the prime factors of 1611492805?
5, 13, 24792197
List the prime factors of 402935394.
2, 3, 17, 19, 257, 809
List the prime factors of 34558597.
53, 139, 4691
List the prime factors of 63192679.
11, 761, 7549
What are the prime factors of 264804973?
264804973
List the prime factors of 279933079.
107, 293, 8929
What are the prime factors of 2618963535?
3, 5, 1279, 136511
List the prime factors of 255262246.
2, 31, 4117133
List the prime factors of 1348784342.
2, 233, 2894387
List the prime factors of 4843354307.
11, 440304937
List the prime factors of 1072884833.
787, 1363259
List the prime factors of 59046594.
2, 3, 9841099
What are the prime factors of 48978400?
2, 5, 61223
What are the prime factors of 134061388?
2, 17, 23, 85717
What are the prime factors of 903693609?
3, 7, 13, 71, 15541
What are the prime factors of 306403745?
5, 2767, 22147
What are the prime factors of 30338612?
2, 1009, 7517
List the prime factors of 160494984.
2, 3, 13, 171469
What are the prime factors of 186912288?
2, 3, 649001
List the prime factors of 96288457.
96288457
List the prime factors of 5701655709.
3, 1601, 395701
What are the prime factors of 76360336?
2, 13, 47, 73, 107
List the p